16*h = -5*h + 168. Suppose 3*w - h*w = k - 10, 4*w = -3*k - 3. Let x = 10 - 4. Calculate the highest common divisor of x and w.
3
Let p(b) = 55*b**2 + 4*b + 4. Let i(l) = -2*l**2 - l. Let j(q) = 3*i(q) + p(q). Let a be j(-3). Calculate the highest common divisor of 68 and a.
34
Let y = 80 - 78. Suppose -4*z = -y*n - 6*z + 1300, 0 = -3*n + z + 1962. Let u = -383 + n. Calculate the highest common factor of 10 and u.
10
Let w be ((-94)/(-3))/((-237)/(-4977)). What is the greatest common divisor of 94 and w?
94
Suppose -341*p = -43113 - 16058 - 5619. Let m be (30/1)/((-9)/(-6)). What is the greatest common factor of p and m?
10
Let t(n) = 16*n**3 - 3*n**2 + 2*n - 4. Let f be t(-3). Let x = -408 - f. Calculate the highest common divisor of 488 and x.
61
Suppose -136*b + 69*b - 19683 = -70*b. What is the greatest common factor of 27 and b?
27
Let a be 966/8 - 1/1 - 2/(-8). Calculate the highest common factor of a and 1605.
15
Let a be 22*-5*3/(-30). Suppose -a*o - 1662 = -5050. Calculate the highest common factor of 56 and o.
28
Let f(h) = -4*h + 2616. Let g be f(67). What is the greatest common factor of 8 and g?
4
Let s = 45 + -67. Let n(l) = -l**3 - 21*l**2 + 22*l + 54. Let a be n(s). What is the greatest common factor of 1 and a?
1
Let c(o) = 759*o**2 - 26*o - 56. Let n be c(-2). Calculate the highest common factor of 16 and n.
8
Let s(u) = u**2 + u + 2. Let h be s(0). Suppose 96082*r = 96113*r - 3782. Calculate the greatest common divisor of r and h.
2
Suppose 13*w + 38 = -6*w. Let n be ((-214)/10 + w)*20/(-6). Calculate the highest common divisor of n and 12.
6
Let w(x) = -15*x + x**2 + 24 + 14*x - 9*x + 3. Let h be w(6). Let b be -3*h/(-9) + 8. What is the greatest common factor of 63 and b?
9
Let s be 1/(10 - 4 - 7384/1232). Let x be (24/9)/(6/63). What is the highest common factor of s and x?
14
Let y be (-48642)/(-27) - (-392)/(-252). Calculate the highest common factor of 144 and y.
72
Suppose -2*q + 3946 = q - 10124. Calculate the highest common factor of q and 56.
14
Let o be (-14)/(6/2 - (27 + -23)). Let z = 193 - 95. What is the highest common factor of z and o?
14
Suppose -21 = 3*l, 998*x - 2*l + 26 = 1002*x. Calculate the highest common factor of x and 24680.
10
Let m = 272 - 116. Let i = 345 - m. Calculate the highest common divisor of i and 21.
21
Let f = -8592 - -8851. Calculate the highest common divisor of f and 7.
7
Let n(y) = 60*y + 1828. Let p be n(12). Calculate the highest common divisor of 104 and p.
52
Let x be -701 - (4/(-4))/(-5 + 6). Let q = 840 + x. What is the highest common factor of 630 and q?
70
Let d = -23175 + 31239. What is the highest common divisor of 126 and d?
126
Suppose -17318*a - 1003 = -17335*a. Let w = 615 - 379. Calculate the greatest common divisor of w and a.
59
Suppose v = -3, -5*z + 3*v - 18 = -47. Let t be 4/(-16)*2*-12. Calculate the greatest common divisor of z and t.
2
Suppose 6 = 5*s - 2*s. Suppose -70 = -273*u + 263*u. Suppose -s*z + 19 = u. Calculate the highest common divisor of 15 and z.
3
Suppose 6 = -y + 4*y, 5*x + 5*y = 565. Suppose 2*v = 701 + x. Calculate the greatest common divisor of v and 58.
58
Let l = -12773 + 12906. Calculate the greatest common factor of l and 76.
19
Let w be (-8)/(-2) + (-114)/(-19). What is the greatest common divisor of 110 and w?
10
Let i = 18448 + -8646. Calculate the highest common factor of i and 1352.
338
Let d(l) be the first derivative of -l**4/4 - 4*l**3 + 8*l**2 - 42*l + 18. Let b be d(-14). What is the greatest common factor of 18 and b?
18
Let d(b) = -4*b**2 - 2*b - 4. Let a be d(9). Let o = a + 352. What is the greatest common factor of 6 and o?
6
Suppose 253*x = 271*x - 31932. Calculate the highest common divisor of x and 2.
2
Let k(m) = 81*m + 425. Let f be k(-5). What is the greatest common divisor of 54 and f?
2
Suppose 115*y + 30056 = 123*y. What is the highest common divisor of 13 and y?
13
Let p = 16452 - 15717. What is the greatest common divisor of p and 1176?
147
Let c(m) = -12*m + m + 7*m + 1 - 17. Let w be c(-14). Suppose p = -7*p + w. Calculate the greatest common factor of p and 25.
5
Suppose -b + p = -6, -3 - 3 = -2*b + 4*p. Let h(m) = 2*m**3 + 18*m**2 + 7*m + 6. Let i be h(-7). What is the greatest common divisor of i and b?
9
Let y(r) = 21*r**2 - 2*r - 18. Let s be y(4). Let w = s + -160. What is the greatest common factor of w and 25?
25
Let b(c) be the second derivative of c**4/12 + 2*c**3/3 - 7*c**2/2 + 522*c. Let x = -5 + 7. Let g be b(x). Calculate the greatest common divisor of 40 and g.
5
Let r = 269 + -713. Let v be 3/4 - r/48. What is the greatest common divisor of 40 and v?
10
Let g(t) = t**3 - 8*t**2 + 16*t - 28. Suppose -41 = -5*k + 3*i, 0 = -8*k + 3*k + 2*i + 39. Let x be g(k). What is the highest common factor of x and 35?
35
Suppose 54*n - 53*n - 174 = 0. Let s(m) = m**3 - m**2 + m + 101. Let y be s(0). Suppose 0 = -4*r + 131 + y. What is the highest common factor of r and n?
58
Let y(v) = 4*v - 1. Let g be y(5). Let m(q) = -25*q + 76. Let s be m(0). What is the highest common divisor of s and g?
19
Let z(l) = 11*l**2 + l + 3. Let p be z(-4). Suppose -5851 - 2174 = -293*j - 700. Calculate the greatest common divisor of j and p.
25
Suppose 0 = -4*b - 4*j + 28, 2*b = -b - 4*j + 23. Suppose i = -2*i - 3*g + 708, 4*i - b*g = 899. Calculate the highest common divisor of 42 and i.
21
Let f(a) = -3*a**2 + 20*a + 343. Let v(t) = -8*t**2 + 42*t + 687. Let u(l) = 5*f(l) - 2*v(l). Let s be u(0). Calculate the highest common divisor of s and 31.
31
Let a be (2 + -1)*5*2. Let w = a - 1. Suppose -680*j - 1412*j + 13041 = -643*j. What is the greatest common factor of w and j?
9
Let v(i) = 182*i. Let b be v(1). Suppose -143 = -5*h + b. Let j = -63 + h. What is the greatest common divisor of 18 and j?
2
Let b be (-16)/6*7/((-21)/(-9)). Let s(g) = 4*g**2 - 4*g + 20. Let l be s(b). Calculate the greatest common factor of l and 28.
28
Suppose -16*r - 1122 = -74*r + 154. Calculate the greatest common divisor of 297 and r.
11
Let n be (6/4)/(((-3)/(-6))/1). Suppose 2*o + n*o = -4*h + 906, 0 = 3*h - 4*o - 664. Calculate the highest common factor of 128 and h.
32
Suppose 0 = -3*u + 5*u - 1562. Suppose -55*k + 1104 = -1625 + 2124. What is the greatest common divisor of k and u?
11
Let l(x) = 88*x**3 - 43*x**3 - 46*x**3 + 16*x**2 + 40*x + 24. Let y = -17 - -35. Let m be l(y). What is the highest common factor of m and 24?
24
Let z = -42 - -299. Let w = 263 - z. Let a(c) = c**3 - 6*c**2 + 3. Let u be a(6). What is the highest common factor of w and u?
3
Suppose -y - 2*h + 32 = 0, -2*y + 52 = -2*h - 0*h. Let w = 43317 - 42841. Calculate the highest common factor of y and w.
28
Suppose 0 = 19*t + 21 - 287. Let d be 357/(-15)*(t/(-2) - -2). What is the greatest common divisor of 17 and d?
17
Let k(i) = -262*i**3 + 11*i + 1 + 264*i**3 - 13 - 7*i**2. Let v be k(4). Calculate the highest common factor of v and 36.
12
Suppose 33*f + 260 = 31*f. Let r = f - -143. Suppose 0 = -2*d + 19 + 7. What is the greatest common factor of d and r?
13
Let s(a) = 8 - a**2 + 12*a**3 - 5*a - 21 - 11*a**3 + 6. Let r be s(6). What is the highest common factor of r and 13?
13
Suppose -2*k + u + 89 = 0, 2*u = -22*k + 23*k - 46. What is the greatest common factor of 253 and k?
11
Let p = 48 - 61. Let g(d) = -3*d - 21. Let n be g(p). Calculate the greatest common factor of 117 and n.
9
Let m(d) = 58*d**2 + 29*d - 305. Let f be m(10). What is the greatest common divisor of f and 13?
13
Let p(g) = g**2 - 3*g + 4. Let c be p(6). Let w = -452305 + 452315. What is the highest common factor of c and w?
2
Suppose -95*c + 11560 - 3832 = -11082. Calculate the highest common factor of c and 12.
6
Let x(u) = -20*u**2 - 181*u + 12. Let i be x(-9). Calculate the greatest common factor of 2625 and i.
21
Suppose 65*c - 21*c = -44. Let f(k) = 10*k**2 - 4*k - 5. Let z be f(c). Calculate the greatest common factor of z and 45.
9
Let q be 15484/12 + (-3 - 16/(-6)). Let v = 1830 - q. What is the greatest common divisor of v and 60?
60
Let f = 789 - 459. Let o = f - 329. Calculate the greatest common divisor of o and 27.
1
Suppose 3*u = 3*x + x + 113, 2*u = -5*x + 37. Let g be ((-297)/(-36))/((-15)/(-620)). Calculate the highest common factor of g and u.
31
Let c = 14 - 7. Suppose -c*